ime factors of 1130.
2, 5, 113
List the prime factors of 2876.
2, 719
What are the prime factors of 114217?
114217
What are the prime factors of 7981?
23, 347
List the prime factors of 77565.
3, 5, 5171
What are the prime factors of 521?
521
List the prime factors of 16617.
3, 29, 191
List the prime factors of 647.
647
List the prime factors of 21781.
23, 947
What are the prime factors of 891?
3, 11
What are the prime factors of 24571?
24571
List the prime factors of 1864.
2, 233
List the prime factors of 1684.
2, 421
List the prime factors of 564.
2, 3, 47
List the prime factors of 14280.
2, 3, 5, 7, 17
List the prime factors of 1907.
1907
What are the prime factors of 10966?
2, 5483
What are the prime factors of 20521?
20521
What are the prime factors of 521?
521
What are the prime factors of 13162?
2, 6581
List the prime factors of 2390.
2, 5, 239
List the prime factors of 8383.
83, 101
List the prime factors of 4195.
5, 839
What are the prime factors of 2188?
2, 547
List the prime factors of 138064.
2, 8629
List the prime factors of 3715.
5, 743
List the prime factors of 920.
2, 5, 23
List the prime factors of 44901.
3, 1663
List the prime factors of 375.
3, 5
List the prime factors of 14157.
3, 11, 13
What are the prime factors of 1962?
2, 3, 109
What are the prime factors of 6238?
2, 3119
What are the prime factors of 126?
2, 3, 7
List the prime factors of 2087.
2087
What are the prime factors of 82230?
2, 3, 5, 2741
List the prime factors of 1037.
17, 61
List the prime factors of 618.
2, 3, 103
What are the prime factors of 1520?
2, 5, 19
List the prime factors of 1637.
1637
What are the prime factors of 886?
2, 443
What are the prime factors of 447?
3, 149
List the prime factors of 923.
13, 71
What are the prime factors of 908?
2, 227
List the prime factors of 8297.
8297
List the prime factors of 16486.
2, 8243
List the prime factors of 36349.
163, 223
What are the prime factors of 1253?
7, 179
List the prime factors of 21155.
5, 4231
What are the prime factors of 18449?
19, 971
What are the prime factors of 22655?
5, 23, 197
List the prime factors of 573.
3, 191
What are the prime factors of 40216?
2, 11, 457
What are the prime factors of 70135?
5, 13, 83
What are the prime factors of 6963?
3, 11, 211
List the prime factors of 4896.
2, 3, 17
What are the prime factors of 11593?
11593
List the prime factors of 10477.
10477
List the prime factors of 880.
2, 5, 11
List the prime factors of 524.
2, 131
What are the prime factors of 11496?
2, 3, 479
What are the prime factors of 15539?
41, 379
List the prime factors of 458.
2, 229
List the prime factors of 480.
2, 3, 5
List the prime factors of 2531.
2531
List the prime factors of 12964.
2, 7, 463
List the prime factors of 142872.
2, 3, 5953
What are the prime factors of 3484?
2, 13, 67
List the prime factors of 1851.
3, 617
List the prime factors of 2203.
2203
List the prime factors of 1025.
5, 41
What are the prime factors of 5563?
5563
What are the prime factors of 822?
2, 3, 137
What are the prime factors of 13625?
5, 109
List the prime factors of 8750.
2, 5, 7
What are the prime factors of 17221?
17, 1013
List the prime factors of 67860.
2, 3, 5, 13, 29
What are the prime factors of 1043?
7, 149
What are the prime factors of 5885?
5, 11, 107
List the prime factors of 43392.
2, 3, 113
List the prime factors of 52741.
13, 4057
List the prime factors of 14040.
2, 3, 5, 13
What are the prime factors of 19119?
3, 6373
List the prime factors of 32269.
23, 61
What are the prime factors of 497?
7, 71
List the prime factors of 3713.
47, 79
What are the prime factors of 2306?
2, 1153
What are the prime factors of 15004?
2, 11, 31
List the prime factors of 2232.
2, 3, 31
List the prime factors of 78819.
3, 13, 43, 47
List the prime factors of 4513.
4513
What are the prime factors of 4988?
2, 29, 43
What are the prime factors of 800?
2, 5
List the prime factors of 18863.
13, 1451
What are the prime factors of 7369?
7369
What are the prime factors of 1263?
3, 421
What are the prime factors of 99?
3, 11
List the prime factors of 7824.
2, 3, 163
List the prime factors of 99924.
2, 3, 11, 757
List the prime factors of 3200.
2, 5
List the prime factors of 27388.
2, 41, 167
List the prime factors of 1432.
2, 179
List the prime factors of 12051.
3, 13, 103
What are the prime factors of 23575?
5, 23, 41
What are the prime factors of 701?
701
What are the prime factors of 14633?
14633
What are the prime factors of 6971?
6971
What are the prime factors of 1231?
1231
What are the prime factors of 1412?
2, 353
List the prime factors of 6891.
3, 2297
What are the prime factors of 1058?
2, 23
What are the prime factors of 844?
2, 211
List the prime factors of 16188.
2, 3, 19, 71
What are the prime factors of 15108?
2, 3, 1259
List the prime factors of 6296.
2, 787
List the prime factors of 193.
193
List the prime factors of 3339.
3, 7, 53
List the prime factors of 3826.
2, 1913
What are the prime factors of 3183?
3, 1061
List the prime factors of 29928.
2, 3, 29, 43
List the prime factors of 151787.
151787
List the prime factors of 58054.
2, 29027
What are the prime factors of 16354?
2, 13, 17, 37
What are the prime factors of 571?
571
List the prime factors of 3954.
2, 3, 659
List the prime factors of 117.
3, 13
What are the prime factors of 1031?
1031
List the prime factors of 67098.
2, 3, 53, 211
List the prime factors of 24022.
2, 12011
List the prime factors of 45.
3, 5
List the prime factors of 7157.
17, 421
What are the prime factors of 40444?
2, 10111
List the prime factors of 3359.
3359
What are the prime factors of 259?
7, 37
What are the prime factors of 30139?
30139
What are the prime factors of 1021?
1021
What are the prime factors of 219?
3, 73
What are the prime factors of 24?
2, 3
List the prime factors of 4958.
2, 37, 67
What are the prime factors of 32504?
2, 17, 239
What are the prime factors of 42938?
2, 7, 3067
List the prime factors of 7648.
2, 239
List the prime factors of 3951.
3, 439
What are the prime factors of 2905?
5, 7, 83
What are the prime factors of 1108?
2, 277
What are the prime factors of 50?
2, 5
What are the prime factors of 1207?
17, 71
List the prime factors of 31.
31
List the prime factors of 38414.
2, 19207
List the prime factors of 28697.
28697
List the prime factors of 9044.
2, 7, 17, 19
What are the prime factors of 374?
2, 11, 17
List the prime factors of 1027.
13, 79
What are the prime factors of 4692?
2, 3, 17, 23
List the prime factors of 3137.
3137
List the prime factors of 2305.
5, 461
List the prime factors of 43963.
43963
List the prime factors of 17167.
17167
List the prime factors of 2006.
2, 17, 59
List the prime factors of 425.
5, 17
List the prime factors of 4771.
13, 367
What are the prime factors of 848?
2, 53
List the prime factors of 286.
2, 11, 13
List the prime factors of 19604.
2, 13, 29
What are the prime factors of 2160?
2, 3, 5
What are the prime factors of 81636?
2, 3, 6803
List the prime factors of 4018.
2, 7, 41
List the prime factors of 477.
3, 53
What are the prime factors of 18723?
3, 79
List the prime factors of 6896.
2, 431
What are the prime factors of 468?
2, 3, 13
List the prime factors of 1001.
7, 11, 13
What are the prime factors of 198312?
2, 3, 8263
List the prime factors of 5346.
2, 3, 11
What are the prime factors of 616?
2, 7, 11
List the prime factors of 4135.
5, 827
What are the prime factors of 6694?
2, 3347
List the prime factors of 2253.
3, 751
List the prime factors of 123680.
2, 5, 773
List the prime factors of 60874.
2, 11, 2767
What are the prime factors of 5166?
2, 3, 7, 41
List the prime factors of 219.
3, 73
List the prime factors of 859.
859
List the prime factors of 367.
367
List the prime factors of 138.
2, 3, 23
List the prime factors of 8606.
2, 13, 331
What are the prime factors of 550?
2, 5, 11
What are the prime factors of 19366?
2, 23, 421
List the prime factors of 181.
181
What are the prime factors of 25727?
13, 1979
List the prime factors of 92060.
2, 5, 4603
What are the prime factors of 1390?
2, 5, 139
List the prime factors of 613.
613
What are the prime factors of 21060?
2, 3, 5, 13
List the prime factors of 66850.
2, 5, 7, 191
List the prime factors of 6694.
2, 3347
List the prime factors of 